{"version":"1.0","provider_name":"F-group","provider_url":"https:\/\/f-group.hu\/hu","author_name":"garanddesign","author_url":"https:\/\/f-group.hu\/hu\/author\/garanddesign\/","title":"J\u00e1t\u00e9kossors: Nikolics \u00e9s Ugrai is T\u00f6r\u00f6korsz\u00e1gban folytatja - F-group","type":"rich","width":600,"height":338,"html":"<blockquote class=\"wp-embedded-content\" data-secret=\"KkP2bzHV4L\"><a href=\"https:\/\/f-group.hu\/hu\/2022\/10\/21\/jatekossors-nikolics-es-ugrai-is-torokorszagban-folytatja\/\">J\u00e1t\u00e9kossors: Nikolics \u00e9s Ugrai is T\u00f6r\u00f6korsz\u00e1gban folytatja<\/a><\/blockquote><iframe sandbox=\"allow-scripts\" security=\"restricted\" src=\"https:\/\/f-group.hu\/hu\/2022\/10\/21\/jatekossors-nikolics-es-ugrai-is-torokorszagban-folytatja\/embed\/#?secret=KkP2bzHV4L\" width=\"600\" height=\"338\" title=\"&#8220;J\u00e1t\u00e9kossors: Nikolics \u00e9s Ugrai is T\u00f6r\u00f6korsz\u00e1gban folytatja&#8221; &#8212; F-group\" data-secret=\"KkP2bzHV4L\" frameborder=\"0\" marginwidth=\"0\" marginheight=\"0\" scrolling=\"no\" class=\"wp-embedded-content\"><\/iframe><script type=\"text\/javascript\">\n\/* <![CDATA[ *\/\n\/*! This file is auto-generated *\/\n!function(d,l){\"use strict\";l.querySelector&&d.addEventListener&&\"undefined\"!=typeof URL&&(d.wp=d.wp||{},d.wp.receiveEmbedMessage||(d.wp.receiveEmbedMessage=function(e){var t=e.data;if((t||t.secret||t.message||t.value)&&!\/[^a-zA-Z0-9]\/.test(t.secret)){for(var s,r,n,a=l.querySelectorAll('iframe[data-secret=\"'+t.secret+'\"]'),o=l.querySelectorAll('blockquote[data-secret=\"'+t.secret+'\"]'),c=new RegExp(\"^https?:$\",\"i\"),i=0;i<o.length;i++)o[i].style.display=\"none\";for(i=0;i<a.length;i++)s=a[i],e.source===s.contentWindow&&(s.removeAttribute(\"style\"),\"height\"===t.message?(1e3<(r=parseInt(t.value,10))?r=1e3:~~r<200&&(r=200),s.height=r):\"link\"===t.message&&(r=new URL(s.getAttribute(\"src\")),n=new URL(t.value),c.test(n.protocol))&&n.host===r.host&&l.activeElement===s&&(d.top.location.href=t.value))}},d.addEventListener(\"message\",d.wp.receiveEmbedMessage,!1),l.addEventListener(\"DOMContentLoaded\",function(){for(var e,t,s=l.querySelectorAll(\"iframe.wp-embedded-content\"),r=0;r<s.length;r++)(t=(e=s[r]).getAttribute(\"data-secret\"))||(t=Math.random().toString(36).substring(2,12),e.src+=\"#?secret=\"+t,e.setAttribute(\"data-secret\",t)),e.contentWindow.postMessage({message:\"ready\",secret:t},\"*\")},!1)))}(window,document);\n\/* ]]> *\/\n<\/script>","thumbnail_url":"https:\/\/f-group.hu\/wp-content\/uploads\/2022\/10\/FZ5bWyNWQAI_OP8_1_960px.jpg","thumbnail_width":960,"thumbnail_height":720,"description":"A Mol Feh\u00e9rv\u00e1rt az el\u0151z\u0151 id\u00e9ny v\u00e9g\u00e9n elhagy\u00f3, 43-szoros v\u00e1logatott csat\u00e1r, Nikolics Nemanja a t\u00f6r\u00f6k m\u00e1sodoszt\u00e1ly \u00fajonc\u00e1n\u00e1l, a Pendiksporn\u00e1l folytatja p\u00e1lyafut\u00e1s\u00e1t \u2013\u00a0jelentette be\u00a0cs\u00fct\u00f6rt\u00f6k este a klub hivatalos Twitter-oldal\u00e1n. Nem sokkal k\u00e9s\u0151bb kider\u00fclt, a legut\u00f3bb a DVSC-ben futballoz\u00f3 Ugrai Roland is a csapat j\u00e1t\u00e9kosa lesz \u2013 ezt a labdar\u00fag\u00f3k menedzsere, Filipovics Vladan \u00e1rulta el a Nemzeti [&hellip;]"}

Játékossors: Nikolics és Ugrai is Törökországban folytatja - F-group

<blockquote class="wp-embedded-content" data-secret="KkP2bzHV4L"><a href="https://f-group.hu/hu/2022/10/21/jatekossors-nikolics-es-ugrai-is-torokorszagban-folytatja/">Játékossors: Nikolics és Ugrai is Törökországban folytatja</a></blockquote><iframe sandbox="allow-scripts" security="restricted" src="https://f-group.hu/hu/2022/10/21/jatekossors-nikolics-es-ugrai-is-torokorszagban-folytatja/embed/#?secret=KkP2bzHV4L" width="600" height="338" title="&#8220;Játékossors: Nikolics és Ugrai is Törökországban folytatja&#8221; &#8212; F-group" data-secret="KkP2bzHV4L" frameborder="0" marginwidth="0" marginheight="0" scrolling="no" class="wp-embedded-content"></iframe><script type="text/javascript">
/* <![CDATA[ */
/*! This file is auto-generated */
!function(d,l){"use strict";l.querySelector&&d.addEventListener&&"undefined"!=typeof URL&&(d.wp=d.wp||{},d.wp.receiveEmbedMessage||(d.wp.receiveEmbedMessage=function(e){var t=e.data;if((t||t.secret||t.message||t.value)&&!/[^a-zA-Z0-9]/.test(t.secret)){for(var s,r,n,a=l.querySelectorAll('iframe[data-secret="'+t.secret+'"]'),o=l.querySelectorAll('blockquote[data-secret="'+t.secret+'"]'),c=new RegExp("^https?:$","i"),i=0;i<o.length;i++)o[i].style.display="none";for(i=0;i<a.length;i++)s=a[i],e.source===s.contentWindow&&(s.removeAttribute("style"),"height"===t.message?(1e3<(r=parseInt(t.value,10))?r=1e3:~~r<200&&(r=200),s.height=r):"link"===t.message&&(r=new URL(s.getAttribute("src")),n=new URL(t.value),c.test(n.protocol))&&n.host===r.host&&l.activeElement===s&&(d.top.location.href=t.value))}},d.addEventListener("message",d.wp.receiveEmbedMessage,!1),l.addEventListener("DOMContentLoaded",function(){for(var e,t,s=l.querySelectorAll("iframe.wp-embedded-content"),r=0;r<s.length;r++)(t=(e=s[r]).getAttribute("data-secret"))||(t=Math.random().toString(36).substring(2,12),e.src+="#?secret="+t,e.setAttribute("data-secret",t)),e.contentWindow.postMessage({message:"ready",secret:t},"*")},!1)))}(window,document);
/* ]]> */
</script>

A Mol Fehérvárt az előző idény végén elhagyó, 43-szoros válogatott csatár, Nikolics Nemanja a török másodosztály újoncánál, a Pendikspornál folytatja pályafutását – jelentette be csütörtök este a klub hivatalos Twitter-oldalán. Nem sokkal később kiderült, a legutóbb a DVSC-ben futballozó Ugrai Roland is a csapat játékosa lesz – ezt a labdarúgók menedzsere, Filipovics Vladan árulta el a Nemzeti [&hellip;]
