{"version":"1.0","provider_name":"F-group","provider_url":"https:\/\/f-group.hu\/hu","author_name":"garanddesign","author_url":"https:\/\/f-group.hu\/hu\/author\/garanddesign\/","title":"DVSC: Varga Kevin visszat\u00e9rt nevel\u0151egyes\u00fclet\u00e9hez \u2013 hivatalos - F-group","type":"rich","width":600,"height":338,"html":"<blockquote class=\"wp-embedded-content\" data-secret=\"MAWTjBJvp9\"><a href=\"https:\/\/f-group.hu\/hu\/2023\/02\/16\/dvsc-varga-kevin-visszatert-neveloegyesuletehez-hivatalos\/\">DVSC: Varga Kevin visszat\u00e9rt nevel\u0151egyes\u00fclet\u00e9hez \u2013 hivatalos<\/a><\/blockquote><iframe sandbox=\"allow-scripts\" security=\"restricted\" src=\"https:\/\/f-group.hu\/hu\/2023\/02\/16\/dvsc-varga-kevin-visszatert-neveloegyesuletehez-hivatalos\/embed\/#?secret=MAWTjBJvp9\" width=\"600\" height=\"338\" title=\"&#8220;DVSC: Varga Kevin visszat\u00e9rt nevel\u0151egyes\u00fclet\u00e9hez \u2013 hivatalos&#8221; &#8212; F-group\" data-secret=\"MAWTjBJvp9\" frameborder=\"0\" marginwidth=\"0\" marginheight=\"0\" scrolling=\"no\" class=\"wp-embedded-content\"><\/iframe><script type=\"text\/javascript\">\n\/* <![CDATA[ *\/\n\/*! This file is auto-generated *\/\n!function(d,l){\"use strict\";l.querySelector&&d.addEventListener&&\"undefined\"!=typeof URL&&(d.wp=d.wp||{},d.wp.receiveEmbedMessage||(d.wp.receiveEmbedMessage=function(e){var t=e.data;if((t||t.secret||t.message||t.value)&&!\/[^a-zA-Z0-9]\/.test(t.secret)){for(var s,r,n,a=l.querySelectorAll('iframe[data-secret=\"'+t.secret+'\"]'),o=l.querySelectorAll('blockquote[data-secret=\"'+t.secret+'\"]'),c=new RegExp(\"^https?:$\",\"i\"),i=0;i<o.length;i++)o[i].style.display=\"none\";for(i=0;i<a.length;i++)s=a[i],e.source===s.contentWindow&&(s.removeAttribute(\"style\"),\"height\"===t.message?(1e3<(r=parseInt(t.value,10))?r=1e3:~~r<200&&(r=200),s.height=r):\"link\"===t.message&&(r=new URL(s.getAttribute(\"src\")),n=new URL(t.value),c.test(n.protocol))&&n.host===r.host&&l.activeElement===s&&(d.top.location.href=t.value))}},d.addEventListener(\"message\",d.wp.receiveEmbedMessage,!1),l.addEventListener(\"DOMContentLoaded\",function(){for(var e,t,s=l.querySelectorAll(\"iframe.wp-embedded-content\"),r=0;r<s.length;r++)(t=(e=s[r]).getAttribute(\"data-secret\"))||(t=Math.random().toString(36).substring(2,12),e.src+=\"#?secret=\"+t,e.setAttribute(\"data-secret\",t)),e.contentWindow.postMessage({message:\"ready\",secret:t},\"*\")},!1)))}(window,document);\n\/* ]]> *\/\n<\/script>","thumbnail_url":"https:\/\/www.f-group.hu\/wp-content\/uploads\/2023\/02\/varga_k_960px.jpg","thumbnail_width":960,"thumbnail_height":720,"description":"Igaznak bizonyultak a Nemzeti Sport k\u00e9t nappal ezel\u0151tti \u00e9rtes\u00fcl\u00e9sei, s val\u00f3ban ism\u00e9t a DVSC j\u00e1t\u00e9kosa lett a 13-szoros v\u00e1logatott sz\u00e9ls\u0151, Varga Kevin. A k\u00e9t \u00e9s f\u00e9l \u00e9v l\u00e9gi\u00f3skod\u00e1s ut\u00e1n a klubhoz visszat\u00e9r\u0151 26 \u00e9ves labdar\u00fag\u00f3 szerz\u0151dtet\u00e9s\u00e9r\u0151l az egyes\u00fclet hivatalos honlapja sz\u00e1molt be cs\u00fct\u00f6rt\u00f6k\u00f6n. K\u00e9t napja m\u00e9g arr\u00f3l sz\u00e1molhattunk be, hogy ism\u00e9t kor\u00e1bbi csapat\u00e1val, a DVSC-vel [&hellip;]"}

DVSC: Varga Kevin visszatért nevelőegyesületéhez – hivatalos - F-group

<blockquote class="wp-embedded-content" data-secret="MAWTjBJvp9"><a href="https://f-group.hu/hu/2023/02/16/dvsc-varga-kevin-visszatert-neveloegyesuletehez-hivatalos/">DVSC: Varga Kevin visszatért nevelőegyesületéhez – hivatalos</a></blockquote><iframe sandbox="allow-scripts" security="restricted" src="https://f-group.hu/hu/2023/02/16/dvsc-varga-kevin-visszatert-neveloegyesuletehez-hivatalos/embed/#?secret=MAWTjBJvp9" width="600" height="338" title="&#8220;DVSC: Varga Kevin visszatért nevelőegyesületéhez – hivatalos&#8221; &#8212; F-group" data-secret="MAWTjBJvp9" frameborder="0" marginwidth="0" marginheight="0" scrolling="no" class="wp-embedded-content"></iframe><script type="text/javascript">
/* <![CDATA[ */
/*! This file is auto-generated */
!function(d,l){"use strict";l.querySelector&&d.addEventListener&&"undefined"!=typeof URL&&(d.wp=d.wp||{},d.wp.receiveEmbedMessage||(d.wp.receiveEmbedMessage=function(e){var t=e.data;if((t||t.secret||t.message||t.value)&&!/[^a-zA-Z0-9]/.test(t.secret)){for(var s,r,n,a=l.querySelectorAll('iframe[data-secret="'+t.secret+'"]'),o=l.querySelectorAll('blockquote[data-secret="'+t.secret+'"]'),c=new RegExp("^https?:$","i"),i=0;i<o.length;i++)o[i].style.display="none";for(i=0;i<a.length;i++)s=a[i],e.source===s.contentWindow&&(s.removeAttribute("style"),"height"===t.message?(1e3<(r=parseInt(t.value,10))?r=1e3:~~r<200&&(r=200),s.height=r):"link"===t.message&&(r=new URL(s.getAttribute("src")),n=new URL(t.value),c.test(n.protocol))&&n.host===r.host&&l.activeElement===s&&(d.top.location.href=t.value))}},d.addEventListener("message",d.wp.receiveEmbedMessage,!1),l.addEventListener("DOMContentLoaded",function(){for(var e,t,s=l.querySelectorAll("iframe.wp-embedded-content"),r=0;r<s.length;r++)(t=(e=s[r]).getAttribute("data-secret"))||(t=Math.random().toString(36).substring(2,12),e.src+="#?secret="+t,e.setAttribute("data-secret",t)),e.contentWindow.postMessage({message:"ready",secret:t},"*")},!1)))}(window,document);
/* ]]> */
</script>

Igaznak bizonyultak a Nemzeti Sport két nappal ezelőtti értesülései, s valóban ismét a DVSC játékosa lett a 13-szoros válogatott szélső, Varga Kevin. A két és fél év légióskodás után a klubhoz visszatérő 26 éves labdarúgó szerződtetéséről az egyesület hivatalos honlapja számolt be csütörtökön. Két napja még arról számolhattunk be, hogy ismét korábbi csapatával, a DVSC-vel [&hellip;]
